41962089 a prime number?
True
Is 42849441919 composite?
True
Is 38938889567 composite?
False
Is 690833239 composite?
False
Is 985894549 prime?
False
Is 1889312433 prime?
False
Is 3716942819 a prime number?
False
Is 8929931273 composite?
False
Is 857466037 composite?
False
Is 18884088787 prime?
True
Is 58194268511 composite?
True
Is 1653817637 prime?
True
Is 133242681631 composite?
True
Is 171472289 a prime number?
False
Is 151022363 composite?
True
Is 29920909 prime?
False
Is 161612059 prime?
False
Is 1464652201 a composite number?
False
Is 11023655453 a prime number?
True
Is 50967220177 composite?
False
Is 215559257 prime?
True
Is 228652079 prime?
True
Is 2599978721 a prime number?
True
Is 4848785887 composite?
True
Is 44724607223 prime?
True
Is 105275186173 composite?
True
Is 63085357 prime?
True
Is 187092457 composite?
False
Is 3339998147 composite?
False
Is 1227428017 a prime number?
True
Is 77416285069 a prime number?
False
Is 48226264061 a prime number?
True
Is 11363382577 prime?
True
Is 4066104853 composite?
True
Is 2159275219 a prime number?
False
Is 1221501689 composite?
False
Is 110889211 prime?
True
Is 989461819 a prime number?
True
Is 12377100007 a composite number?
False
Is 84941986699 a composite number?
False
Is 484895291 a prime number?
True
Is 67198205741 prime?
True
Is 7476457409 composite?
False
Is 2597045371 a prime number?
False
Is 96384641459 a composite number?
True
Is 22541224373 composite?
True
Is 20593678451 composite?
False
Is 43505920739 a prime number?
True
Is 254650793 prime?
True
Is 594909829 a composite number?
False
Is 1543046209 a composite number?
True
Is 300161621 a prime number?
True
Is 42640647979 composite?
False
Is 133694941 composite?
False
Is 27136030583 prime?
False
Is 811033201 prime?
False
Is 4520413531 prime?
False
Is 6603676429 a prime number?
False
Is 18002040479 a composite number?
False
Is 97316781337 prime?
True
Is 21047319851 a prime number?
True
Is 496683511 composite?
True
Is 7427885687 prime?
False
Is 3566942013 composite?
True
Is 2028743401 prime?
False
Is 10035681323 a composite number?
False
Is 100785589 prime?
True
Is 7848953887 composite?
False
Is 11872239707 a prime number?
True
Is 72280017311 a prime number?
True
Is 1983160159 a composite number?
True
Is 1191560371 a prime number?
True
Is 464947963 prime?
True
Is 17226115685 composite?
True
Is 861698437 a composite number?
False
Is 116778779933 composite?
False
Is 15541940329 a prime number?
False
Is 107648564431 a composite number?
False
Is 139670611 prime?
True
Is 32532672377 prime?
True
Is 1725409843 a composite number?
True
Is 1214780914 a composite number?
True
Is 22918400221 prime?
True
Is 8807349227 a prime number?
False
Is 1769521119 a prime number?
False
Is 15719389085 prime?
False
Is 5550993533 a composite number?
True
Is 174468227 a composite number?
False
Is 25058759207 a composite number?
False
Is 15037873181 composite?
False
Is 164916443 a prime number?
False
Is 29229917413 a prime number?
False
Is 87656597113 prime?
False
Is 4347950357 composite?
True
Is 3189549901 prime?
True
Is 218695927321 prime?
False
Is 695034346 a prime number?
False
Is 479740201 a prime number?
False
Is 5315526077 a prime number?
True
Is 738337547 a prime number?
True
Is 4098307979 a composite number?
True
Is 1914905887 a prime number?
False
Is 75835609313 composite?
True
Is 5478635433 a prime number?
False
Is 11303416847 composite?
True
Is 1566231733 composite?
True
Is 4981931137 composite?
False
Is 21124529 a prime number?
True
Is 1681078753 composite?
True
Is 4201888679 a prime number?
True
Is 32146573153 prime?
True
Is 2085266513 prime?
False
Is 49675210321 a prime number?
False
Is 2278740421 prime?
False
Is 104051317 composite?
True
Is 207953479751 prime?
True
Is 40904824879 a prime number?
True
Is 2049271487 prime?
False
Is 2920360137 a composite number?
True
Is 8281288487 prime?
True
Is 8441200819 prime?
False
Is 283652041 a composite number?
False
Is 303553123 a prime number?
False
Is 3804612893 a composite number?
False
Is 1762780597 a prime number?
True
Is 34602725821 a prime number?
True
Is 225157288051 composite?
False
Is 1318451977 a prime number?
False
Is 473192641 composite?
False
Is 2062210181 prime?
True
Is 417932894 a prime number?
False
Is 1965065497 a prime number?
True
Is 4545773137 a prime number?
True
Is 3135334183 a composite number?
False
Is 2260056557 a composite number?
True
Is 24953678383 a composite number?
True
Is 674839933 prime?
True
Is 166642187 prime?
False
Is 1682349119 a composite number?
True
Is 58628137 composite?
True
Is 21504125339 a composite number?
False
Is 14508052619 composite?
False
Is 16712602037 prime?
True
Is 33901720493 prime?
True
Is 133513571 prime?
True
Is 26447707589 a composite number?
True
Is 72943414223 a composite number?
False
Is 14474500895 a prime number?
False
Is 163463929 composite?
False
Is 1722034207 composite?
False
Is 15368670455 composite?
True
Is 355100653 a prime number?
False
Is 7221987547 composite?
False
Is 609465509 prime?
False
Is 13103836346 a prime number?
False
Is 6481786667 a prime number?
True
Is 2799333001 a prime number?
False
Is 48185410319 a composite number?
True
Is 22486447327 a composite number?
True
Is 36285891619 a composite number?
False
Is 6925039694 a prime number?
False
Is 12607693513 a composite number?
True
Is 1077010607 prime?
False
Is 3338317655 prime?
False
Is 4641245309 composite?
False
Is 2928151309 prime?
False
Is 248222059 a prime number?
False
Is 20994887 composite?
False
Is 52109683831 a prime number?
False
Is 2765178989 composite?
True
Is 227615191 a composite number?
True
Is 14773692581 prime?
True
Is 177993617 prime?
True
Is 955906571 a prime number?
False
Is 2241452893 a prime number?
False
Is 238253909 composite?
False
Is 19111436753 a composite number?
False
Is 387491883 prime?
False
Is 238500421 a prime number?
False
Is 17042054837 prime?
True
Is 16137124301 a composite number?
True
Is 249063833 composite?
False
Is 6167144209 a composite number?
True
Is 1267101379 a composite number?
True
Is 485545897 a composite number?
True
Is 3936451459 composite?
False
Is 15602756833 a composite number?
False
Is 8241131473 a composite number?
True
Is 21799102693 a prime number?
True
Is 10080827641 prime?
False
Is 19939890749 prime?
False
Is 8455589453 a composite number?
False
Is 95568306857 composite?
True
Is 3323483011 prime?
False
Is 214254071 a composite number?
False
Is 10373331557 a prime number?
True
Is 5220357277 a composite number?
False
Is 3763390289 prime?
True
Is 5852141 a prime number?
False
Is 6237978839 composite?
False
Is 1278967849 composite?
True
Is 180012421379 prime?
False
Is 858985607 prime?
False
Is 156300196517 prime?
True
Is 30992365837 a composite number?
True
Is 540785831 composite?
True
Is 1842607639 a prime number?
True
Is 3486769619 a composite number?
False
Is 8600177 a composite number?
True
Is 557070643 prime?
True
Is 1903202461 a composite number?
True
Is 1779013855 a composite number?
True
Is 3743946709 composite?
True
Is 108289819877 a composite number?
False
Is 88670753 a composite number?
False
Is 87197251927 prime?
True
Is 31718245861 prime?
True
Is 216737483 prime?
False
Is 4156365623 prime?
True
Is 229004089 prime?
False
Is 19124141063 a prime number?
False
Is 44138849 prime?
False
Is 309534739 a composite number?
False
Is 884996857 composite?
True
Is 4603403683 a prime number?
False
Is 347692816897 prime?
False
Is 2586500977 a composite number?
False
Is 74618256301 prime?
True
Is 580760539 a prime number?
True
Is 29139758339 composite?
False
Is 8293374217 composite?
False
Is 362714497 composite?
False
Is 10797323443 a prime number?
False
Is 1578465571 composite?
True
Is 1303569737 a composite number?
False
Is 11854494941 composite?
False
Is 1487503691 composite?
False
Is 24366602833 composite?
True
Is 154332915643 composite?
False
Is 5736726451 a composite number?
True
Is 14608354889 composite?
False
Is 173514519407 a prime number?
False
Is 3650183501 prime?
True
Is 48069881 composite?
True
Is 7232619787 a prime number?
False
Is 3086858647 composite?
False
Is 153158581 composite?
True
Is 2503079297 a composite number?
False
Is 3118498319 prime?
False
Is 141372655927 composite?
False
Is 1863030193 compos